e 7, what is 124 + 662454?
662611
In base 7, what is -20 + -56225460?
-56225510
In base 15, what is 3906a + 90?
3910a
In base 13, what is -32790c74 - 4?
-32790c78
In base 15, what is -2236d88 - 3?
-2236d8b
In base 15, what is 581b + -1ac2?
3c49
In base 15, what is 3495634e + 5?
34956354
In base 10, what is -7063578 - -27?
-7063551
In base 6, what is 43001311 - 4?
43001303
In base 11, what is -1826924 - 5?
-1826929
In base 9, what is -2 - -6475853?
6475851
In base 6, what is -1111 - -1001313?
1000202
In base 14, what is 39 - 13bbb?
-13b82
In base 7, what is -434 - -10063160?
10062423
In base 3, what is 21022000 - 1001212212?
-210120212
In base 12, what is 1892a42 + 4?
1892a46
In base 12, what is -2028a88b3 - -4?
-2028a88ab
In base 16, what is 40b + -4225a?
-41e4f
In base 5, what is -4 + 23224031?
23224022
In base 11, what is -121a463 - -4?
-121a45a
In base 6, what is 2 + -30520512431?
-30520512425
In base 7, what is 41 + 24612665?
24613036
In base 12, what is -463a7 + 113?
-46294
In base 4, what is -1 - 100023213111?
-100023213112
In base 3, what is -2010101000000121100 - 0?
-2010101000000121100
In base 12, what is -40b752 + -8?
-40b75a
In base 7, what is 15253 - 31012?
-12426
In base 15, what is 5 - 65b002e?
-65b0029
In base 8, what is 106060 - 303?
105555
In base 6, what is 202130402 - -5?
202130411
In base 15, what is -37c044e + -12?
-37c0461
In base 12, what is -27 - 7515807?
-7515832
In base 12, what is 491a1 + -372b?
45672
In base 15, what is -2214 + 16?
-21ed
In base 7, what is 40432262 - 1?
40432261
In base 5, what is 422212 - -10113?
432330
In base 4, what is -23 + 210031323203?
210031323120
In base 4, what is 1 - -33133003?
33133010
In base 16, what is -1231ec - -3?
-1231e9
In base 8, what is -14332 - 10044?
-24376
In base 6, what is 233252314004 + 3?
233252314011
In base 2, what is 10000101 + 1001000001001010?
1001000011001111
In base 4, what is 203002112 - 22110?
202320002
In base 2, what is -11000000000001 - 1000010100?
-11001000010101
In base 5, what is 21312032220 - -1?
21312032221
In base 8, what is 11 + -127166015?
-127166004
In base 4, what is 211321020 - -11210?
211332230
In base 13, what is 2b520 - ba7?
2a646
In base 12, what is 116 + 101934?
101a4a
In base 3, what is 12211002122022120 + 0?
12211002122022120
In base 16, what is 2 - 135de7?
-135de5
In base 15, what is -2 + -98e391?
-98e393
In base 13, what is -14 + 6bc162?
6bc14b
In base 5, what is -222 + -30412021?
-30412243
In base 14, what is 753b + -6c?
74ad
In base 8, what is 1255705 - 41?
1255644
In base 16, what is 679 - 6d6a8?
-6d02f
In base 16, what is 1a - 377370?
-377356
In base 9, what is 4 + 23270518?
23270523
In base 10, what is 472029 - -16?
472045
In base 2, what is -10110101100111000000110 - -1001011?
-10110101100110110111011
In base 7, what is -510141 - -10524?
-466314
In base 7, what is -52050 + 153601?
101521
In base 6, what is -55 + 14315454?
14315355
In base 6, what is -51 + 222112003?
222111512
In base 13, what is -1 - -126c286?
126c285
In base 15, what is 3 + -6103bde?
-6103bdb
In base 2, what is 10010010010100 + -110110100000001?
-100100001101101
In base 13, what is 2233687 + -1?
2233686
In base 15, what is 78cc3 - 1?
78cc2
In base 15, what is -7c8a9 + -2?
-7c8ab
In base 2, what is -10101 + -10000000100001001111?
-10000000100001100100
In base 8, what is 415760 + -272?
415466
In base 16, what is 100881 - -6?
100887
In base 12, what is -396772 + -10?
-396782
In base 8, what is 5 + -23133723?
-23133716
In base 14, what is 14275b9 + 0?
14275b9
In base 16, what is 1acc7dd + -b?
1acc7d2
In base 9, what is 23 - -187528?
187552
In base 15, what is -458e3 + -14?
-45907
In base 4, what is 2202321 - -30300?
2233221
In base 13, what is -11157881 + 5?
-11157879
In base 10, what is -25176 + -4057?
-29233
In base 2, what is -111 - 100101011001111110011110?
-100101011001111110100101
In base 4, what is -1 - -20311330111212?
20311330111211
In base 16, what is -84a59f8 - -1?
-84a59f7
In base 5, what is -3 - -14104224021?
14104224013
In base 7, what is 2256 + 12546544?
12552133
In base 2, what is 1 - -10000110110111100011010?
10000110110111100011011
In base 14, what is -21d + 6a858?
6a639
In base 8, what is -5 + 660213?
660206
In base 16, what is -6b - -faefe?
fae93
In base 14, what is 82282 - 41?
82241
In base 10, what is -8612012 + 11?
-8612001
In base 8, what is 3 - 4222643?
-4222640
In base 16, what is -2dd - 385c?
-3b39
In base 16, what is 70a8dd3 - 1?
70a8dd2
In base 7, what is 15643222 + -524?
15642365
In base 6, what is -1432420441 - 1?
-1432420442
In base 7, what is -1423660454 - 3?
-1423660460
In base 7, what is 20205003 - 6?
20204664
In base 7, what is -1030 - 254332?
-255362
In base 6, what is -2110253 - -2201?
-2104052
In base 11, what is -4206 + 11440?
8235
In base 9, what is -3420742 + 3?
-3420738
In base 6, what is 10530325413 + -5?
10530325404
In base 12, what is -a9 - -1053a4?
1052b7
In base 7, what is 0 - 4214345?
-4214345
In base 11, what is -438a81 - -1079?
-437a03
In base 10, what is 6488355 + 0?
6488355
In base 10, what is -1 - -182853773?
182853772
In base 7, what is 3 + -10662336?
-10662333
In base 12, what is 4 - 3bba68?
-3bba64
In base 11, what is -815217 + a9?
-815119
In base 8, what is -4135 - 31173?
-35330
In base 12, what is 3834b + -104?
38247
In base 7, what is 42 - -132626642?
132630014
In base 16, what is -1d2c45 - c?
-1d2c51
In base 5, what is 1 + -213413203?
-213413202
In base 11, what is 5 - -a90a10?
a90a15
In base 13, what is -5b7 - 6c2?
-ca9
In base 6, what is -5 + 2401051025?
2401051020
In base 15, what is 7293979 - -1?
729397a
In base 3, what is -2101022210212112 + -220?
-2101022210220102
In base 2, what is 10000010111010011101000110 + -10?
10000010111010011101000100
In base 13, what is 1744 - 26?
171b
In base 13, what is 2a34c - -1919?
2bc68
In base 10, what is -20570244 + -5?
-20570249
In base 9, what is 11731 - -18031?
30762
In base 4, what is 21123032 + -2?
21123030
In base 9, what is 8165 - 52047?
-42772
In base 2, what is 1011110001001011 - 10000110110?
1011100000010101
In base 15, what is d380ce - -3?
d380d2
In base 16, what is 7 + -26dff7?
-26dff0
In base 11, what is -12857 - 1626?
-14382
In base 16, what is -33e - -f4b?
c0d
In base 2, what is -11 + 1111110010101101111100?
1111110010101101111001
In base 16, what is 4db8 + -d4?
4ce4
In base 14, what is -19b - -1016b?
ddb0
In base 4, what is 101202 - 10120200?
-10012332
In base 3, what is 12 + -10200022102122?
-10200022102110
In base 10, what is -730 - 11707?
-12437
In base 2, what is -1011111111010010111 + 110000100?
-1011111110100010011
In base 10, what is 15122 + -1869?
13253
In base 6, what is -125105 + -444524?
-1014033
In base 12, what is 21b4 + -2b4?
1b00
In base 6, what is -3302 - 3533424?
-3541130
In base 9, what is -7 - 7611?
-7618
In base 13, what is 54494bb - 49?
5449472
In base 12, what is 477 + -3665?
-31aa
In base 14, what is 5d7bd638 - 5?
5d7bd633
In base 3, what is 120122 + -12010112101?
-12002221202
In base 9, what is 2154 - -12445?
14610
In base 9, what is 606345470 - 4?
606345465
In base 12, what is -539 + 389479?
388b40
In base 10, what is -6 + 109157443?
109157437
In base 7, what is -514632 + 3621?
-511011
In base 7, what is -16106363 + 2?
-16106361
In base 7, what is 13 + 1504426342?
1504426355
In base 14, what is 67530 - -351?
67881
In base 15, what is 577ea - -8d?
57888
In base 10, what is 4767853 - 2?
4767851
In base 4, what is 102200320 - 130323?
102003331
In base 3, what is -112111 + -10002001012?
-10002120200
In base 12, what is 600698a - 2?
6006988
In base 14, what is -82 + 38233?
38191
In base 8, what is -100726 + 175?
-100531
In base 10, what is 412640 - 69?
412571
In base 5, what is 10 + -10411333124?
-10411333114
In base 10, what is 3408 + -4905?
-1497
In base 10, what is 97804354 + 1?
97804355
In base 8, what is -5 + 4332610?
4332603
In base 16, what is 5 + 4c879a?
4c879f
In base 13, what is 393b45 - -4?
393b49
In base 9, what is -6 - 14277738?
-14277745
In base 15, what is d + 1940e7b?
1940e89
In base 10, what is 63083544 - -3?
63083547
In base 2, what is 100 + -100001110101100101110?
-100001110101100101010
In base 2, what is 100101001010 - -10101000010?
111010001100
In base 9, what is -3 - 5017306?
-5017310
In base 7, what is -5 + -